he prime factors of 9 - (-1 + g/(-3))?
2
Suppose 5*l = -0*l + 3*m - 60, -50 = 4*l - 2*m. Let p = 14 - l. What are the prime factors of p?
29
Suppose -5*m = -0*m - 5. Let x = m + 1. Suppose x + 9 = n. List the prime factors of n.
11
Let s(z) = 3*z - 3. Let t be s(-5). Let k = 34 + t. What are the prime factors of k?
2
Let m be (-16)/(-6)*(-24)/(-16). Suppose -m*a - 43 = -3*z, -5*a - 3 = -13. What are the prime factors of z?
17
Let i(y) = -y - 2. Let u be i(-2). Suppose 3*t = 6 - u. Suppose v + t*v - 24 = 0. What are the prime factors of v?
2
Let h = 6 - -24. Suppose k - 6 - h = 0. List the prime factors of k/16 + (-1)/4.
2
List the prime factors of 1 - (-46 + 1) - 0.
2, 23
Let v = -4 - -11. Suppose -20 = -s - v. Let c(l) = -l**3 + 13*l**2 + 10. What are the prime factors of c(s)?
2, 5
Suppose -z + 5*z = 0. Suppose c + 2*n = 1, z = 3*c - 5*n - 7 - 7. List the prime factors of c.
3
Suppose 5*q + 9*y - 102 = 13*y, -4*q - 4*y = -60. List the prime factors of q.
2, 3
Suppose -4*z + 54 = -0*z + 3*b, z + 3*b = 18. List the prime factors of z.
2, 3
Suppose -2*z - 1 = 1. Let l(w) = -40*w + 1. Let n be l(z). Let q = n + -25. List the prime factors of q.
2
Suppose 0 = -2*k - 0*k - m + 129, -5*k + 321 = 4*m. What are the prime factors of k?
5, 13
Let b(o) = -28*o + 27. What are the prime factors of b(-5)?
167
Let z = 53 + -38. Suppose -l = -4*l + z. Suppose 2*w = -l*f, w + 3*w - 3*f - 52 = 0. What are the prime factors of w?
2, 5
Let n(g) = -g**2 - 6*g + 5. What are the prime factors of n(-5)?
2, 5
Suppose 0 = 5*v - 1378 + 548. What are the prime factors of v?
2, 83
Let k(n) = 9*n**2 + 2*n + 1. Let i be k(-2). Suppose -44 = -p - 3*p. Let j = i - p. What are the prime factors of j?
2, 11
Let v = -166 + 317. What are the prime factors of v?
151
Let c(m) = -m**2 + 3*m + 8. Let o(r) = 2*r**2 - 3*r - 7. Let l(y) = 5*c(y) + 6*o(y). List the prime factors of l(-2).
2
Let r be ((-2 - -3) + 1)*-1. What are the prime factors of (-112)/r + 6/(-3)?
2, 3
Let y(n) be the third derivative of 0*n - 3*n**2 + 3/8*n**4 + 1/3*n**3 - 1/60*n**5 + 0. What are the prime factors of y(8)?
2, 5
Suppose 7*a - 376 = 415. List the prime factors of a.
113
Suppose 12*o - 14*o = -294. What are the prime factors of o?
3, 7
Let i(g) = -3*g**3 + g**2 + g + 1. Let t be i(-1). Suppose -o + t = -14. What are the prime factors of o?
2, 3
Suppose -4*n = -4*c - 0*c, 2*c + 3*n - 15 = 0. Suppose -c*s + 15 = 3*b, 4*b = 2*b - 3*s + 11. Suppose b*g = g + 9. What are the prime factors of g?
3
Let n(p) = -7*p + 13. List the prime factors of n(-16).
5
List the prime factors of -8*(-7)/((-7)/(-6)).
2, 3
Suppose -20 + 215 = 5*i. Let t be 0/(-2 + 5)*-1. Suppose -3*f + t*f = -i. List the prime factors of f.
13
Let j be (-15)/(-2)*8/5. Let h(i) = j + i - i + i. List the prime factors of h(0).
2, 3
Let x be (50/15)/((-2)/15). What are the prime factors of (-70)/x - 1/(-5)?
3
Let k(s) = -s**3 - 3*s**2 + 5*s + 8. List the prime factors of k(-5).
3, 11
Suppose -2*r - 19 = -7. Let t(h) = -h**2 - 8*h + 3. List the prime factors of t(r).
3, 5
Let y(n) = -4 - 7*n - 3*n**2 - n**2 + 3*n**2. Let m be y(-7). Let c = 6 + m. List the prime factors of c.
2
Suppose -2*p = 4*j - 488, 3*p - 3*j = p + 523. List the prime factors of p.
2, 127
Let j(l) = 14*l + 1. Let h be j(-2). Let b be h/4 + (-3)/(-4). Let a = 10 + b. What are the prime factors of a?
2
Let p be (-42)/(-9) + (-4)/6. Suppose 0 = -0*v + v - p*b - 23, 5*v - 3*b = 30. What are the prime factors of v + 1*-2 - -4?
5
Let x(t) be the second derivative of -t**5/20 + t**4/3 - t**3/2 + t**2/2 - t. Let a be x(3). What are the prime factors of -1 + a + 8 + -2?
2, 3
Let t be (-7*3)/(-3)*1. Let u = t - 4. Suppose -19 = -2*p - u. List the prime factors of p.
2
Suppose -28 + 8 = 5*j. Let q = 1 + j. Let s = q - -6. What are the prime factors of s?
3
Let z(q) = -q**3 + 6*q**2 - 6*q + 8. Let g be z(6). Let n = 4 - g. What are the prime factors of n?
2
Let v(z) = -z**2 - 7*z + 10. Let j be v(-8). Suppose 4*w + n + 4 = 9, 5*w - 10 = -j*n. Suppose 5*q - 24 - 21 = w. What are the prime factors of q?
3
Let y = 6 + -2. Let s(m) = m - 2. Let x be s(y). Suppose 2*c + 2*w - 24 = -2*c, -x*c + 4*w - 8 = 0. What are the prime factors of c?
2
Let t = 229 - 1. What are the prime factors of t?
2, 3, 19
Let k = 7 + -23. Let q be k*(5/2)/(-5). What are the prime factors of q/6*(-21)/(-2)?
2, 7
Suppose 22 = -2*n + 28. List the prime factors of n.
3
Suppose -2*d + 2 = -d + 5*a, -4*a = 3*d - 6. Suppose -d*m + 65 = -g, 127 = m + 3*m - 3*g. List the prime factors of m.
2, 17
Let y = -157 + 280. List the prime factors of y.
3, 41
Let k(p) = p**3 + 4*p**2 - 2*p - 4. Let z be k(-4). Suppose 0*y + 2*y - 24 = -x, 0 = z*x - 5*y - 148. List the prime factors of x.
2
Let k(q) = q - 21 + 2*q + 3*q - q. What are the prime factors of k(6)?
3
Suppose 0 = -2*a + 57 + 27. What are the prime factors of a?
2, 3, 7
Let p = -6 - -50. Let o = p + -13. What are the prime factors of o?
31
Suppose -3*q - 3 = x - 13, -q - 4*x = -18. Suppose -3*m = -a + 2*a + 5, 4*m + 10 = q*a. Let c = 5 - a. List the prime factors of c.
2
Suppose 4*a - 2 = -10. List the prime factors of (-54)/(-4) + a/4.
13
Suppose -10*z - 38 = -11*z. List the prime factors of z.
2, 19
Let x = 47 + -34. What are the prime factors of x?
13
Suppose -193 = -2*x + 13. List the prime factors of x.
103
Let h be (-6)/(-33) + 84/22. Suppose h*s - 4 - 4 = 0. Let k = s + 0. What are the prime factors of k?
2
Let k = -2 + 0. Let i = k - -2. Suppose 3*t = -4*r + 21, 5*t + i*r = -5*r + 30. List the prime factors of t.
3
Let c = -15 - -28. List the prime factors of c.
13
Let k be (-60)/(-25) - (-4)/(-10). Suppose k*x + 31 = 3*x. List the prime factors of x.
31
Let g be (4/(-2) + 2)/(-1). What are the prime factors of (-3)/(g - (-2)/(-6))?
3
List the prime factors of -20*3/(2 + -8).
2, 5
List the prime factors of 25*(-33)/(-12) - (-6)/24.
3, 23
Let c = 55 + 52. Let i = c + -60. Suppose -5*h + 2*a + i = 0, 5*h - 5*a + 3 = 38. List the prime factors of h.
11
Suppose 3*f - 4 = -1. What are the prime factors of f/(-3) - 165/(-9)?
2, 3
Suppose -3*u + 27 = -54. Suppose 2*j - u = -j. What are the prime factors of j?
3
Let f be (-99)/3*16/(-12). Suppose -p = -2*p. Suppose m - 5*m + f = p. What are the prime factors of m?
11
Let c(w) = -w - 9. Let l be c(-11). Suppose 0 = 3*p - 2*a - 45 - 34, l*p = -a + 62. List the prime factors of p.
29
Let l be 480/(-35) + (-4)/14. List the prime factors of l/(-2) - 0/1.
7
Let f(m) = -m**2 - 10*m. What are the prime factors of f(-6)?
2, 3
Suppose -17 = 5*o + 3. Let v be ((-2)/o)/((-1)/(-40)). List the prime factors of 235/v - (-2)/8.
2, 3
Let g(i) = -4*i - 8. Let n be g(6). Let m = 47 + n. What are the prime factors of (-1)/(m/(-6))*20?
2
Let b be ((-8)/10)/(4/(-200)). Suppose -5*n + 4*n - b = -3*q, 4*q + 5*n = 66. List the prime factors of q.
2, 7
Suppose 4*d + 24 = -4*c, -4*d + 0*c = -2*c. Let s(m) be the third derivative of -m**5/60 - 5*m**4/24 - m**3/6 + m**2. List the prime factors of s(d).
5
Let w(s) = 2*s**2 - 3*s - 5. Let g be w(8). Let o = -60 + g. List the prime factors of o.
3, 13
Let t(i) = -8*i - 7. List the prime factors of t(-3).
17
Suppose 0 = -0*j + 5*j - 2*q - 471, -j + 105 = -4*q. List the prime factors of j.
3, 31
Suppose g - 3*v = -8*v, 4*g = 4*v + 96. What are the prime factors of g?
2, 5
Let p(u) = 8*u**2 + 5*u. What are the prime factors of p(-6)?
2, 3, 43
Let v be 2*(-1 - (-3 - -3)). Let i = v - -17. What are the prime factors of i?
3, 5
Suppose -49 - 81 = -2*z. Let p be 3130/z + (-2)/13. Let l = p + -34. What are the prime factors of l?
2, 7
Let p = 22 + -15. Let b(k) = 0*k + k**3 + k - 2*k**2 - 3 + p*k**2. List the prime factors of b(-4).
3
Let o be (-1)/((-1)/(-3)) - -1. Let b(j) = -10*j - 2. What are the prime factors of b(o)?
2, 3
Let u be 0*(-4 + 2)/(-4). Let r(x) = 4*x**2 + 3*x - 1. Let d(h) = 9*h**2 + 7*h - 1. Let q(i) = 3*d(i) - 7*r(i). What are the prime factors of q(u)?
2
Let o(y) = 2*y**3 - y - 4. Let r(m) = 4*m**3 - 2*m - 7. Let u(f) = 5*o(f) - 3*r(f). What are the prime factors of u(-2)?
3, 5
Suppose 0 = 8*t - 3*t. Suppose 4*k + m - 47 = 0, t = -4*k - 2*m + 53 - 11. What are the prime factors of k?
13
Suppose -2*r + 7 = 3*i - 0*r, -3*r = 4*i - 10. What are the prime factors of 48/(-56)*(-7)/i?
2, 3
Let 